 + z - 2. Let l be f(1). Let t = l + -4. Suppose u - 2257 = -d - t*d, 4*d - u = 2263. Is d a composite number?
True
Let n(q) = 8 - 2*q - 6*q - 6*q. Let r be n(-5). Let j = 107 + r. Is j a composite number?
True
Let m be ((-10)/4)/((-3)/2028). Let k(x) = -21*x. Let j be k(7). Let q = j + m. Is q composite?
False
Suppose l = 3*j + 2*l - 12, -j - 2*l = 1. Suppose p - j*q - 1335 = 0, -4*p + 5*q = q - 5404. Is p a prime number?
False
Let u(i) = 31*i**2 + 5 + i - 2*i + 6*i - 2. Let q be 0 + (-4)/2 + -2. Is u(q) a composite number?
False
Suppose y + 0 - 6 = 0. Suppose -3*u = -5*x + 15, 0 = 4*u - y*u - 10. Suppose -b + l + 48 = -x*l, 2*l + 225 = 5*b. Is b a prime number?
True
Let f(q) = 5*q + 39*q**3 + 7 + 0*q**2 + 2*q**2 - 4. Let c be f(-3). Let a = -746 - c. Is a composite?
True
Let t(v) = 18*v + 7. Let h be t(8). Let m = h - 27. Suppose -268 - m = -8*w. Is w prime?
False
Let s = -287 - -1271. Let l = 1855 - s. Is l composite?
True
Let k(i) = i**2 - 2*i + 3. Let w be k(2). Suppose b + 4*z = 15, 0 = -w*b - 2*b + 5*z + 50. Is (-11)/(b/(-30)) + 1 a composite number?
False
Let g(z) = -z**3 - 5*z**2 + 6*z + 2. Let c = 10 + -16. Let o be g(c). Suppose o*m - 177 = -r - 4*r, 5*m = 5. Is r composite?
True
Let q(f) be the third derivative of -f**7/5040 + 37*f**6/720 - f**5/10 - 3*f**2. Let n(o) be the third derivative of q(o). Is n(0) prime?
True
Let v(o) = 5*o**2 - 2 - o - 4 - 3*o + 6*o. Let h be v(4). Suppose -45 = -j + h. Is j a composite number?
False
Let l be 1523 - 2 - (-12 + 7). Suppose -l - 677 = -w. Is w prime?
True
Suppose -2*h + 5443 = 3*c, -5*c + 14*h - 10*h + 9101 = 0. Is c composite?
True
Let l(r) = r**2 + 8*r - 7. Let a be l(-9). Suppose -a*u = -7*u - 155. Let k = -8 - u. Is k composite?
False
Let y = 12546 + -7319. Is y composite?
False
Let y(i) = 83*i**2 - 25*i - 11. Is y(-8) composite?
False
Let g = 579 + -309. Suppose 317 + g = c. Is c prime?
True
Let d = 27 - 18. Let m(r) = 8*r - 12. Let q be m(d). Let j = 97 + q. Is j composite?
False
Suppose -20*i = -23*i + 474. Is i prime?
False
Suppose 5 = p - 12. Let v = p - 29. Is (1016/32)/((-1)/v) prime?
False
Suppose -1819 = 5*m + 3*v - 9525, m - 1540 = -v. Is m a composite number?
False
Suppose 5*u - 53105 = -3*q, 3*u = 5*u - 8. Is q a prime number?
False
Let w be 39/(-13) + -2*5/(-2). Is (w/(-1))/((-4)/194) prime?
True
Suppose 0 = 3*i - 7*u - 55966, -3*i = -2*i - 3*u - 18656. Is i prime?
False
Suppose -v = 3*v - 16. Suppose 0*n = -3*n - 3*p + 2733, -v*p = 3*n - 2733. Is n prime?
True
Let w(q) = 29*q**2 - 2*q + 2. Suppose y - 2*u = -0*u + 5, -2 = -y - u. Suppose 2*h = h + y. Is w(h) composite?
False
Let g(b) = -b**3 + 19*b**2 - 46*b - 17. Is g(14) composite?
True
Let w = 65 - 57. Suppose 0 = -5*q - 3*r + 5873, 2*r = 4*r + w. Is q prime?
False
Let y(m) = m**2 + 6*m + 3. Let i be y(-6). Suppose 0 = -7*z + 2*z + 60. Let w = i + z. Is w a composite number?
True
Let a be ((-4)/(-8))/(1/18). Let s(l) = 32*l**2 + 21*l - 4. Is s(a) a composite number?
False
Let b(l) be the first derivative of 29*l**2/2 - 13*l + 3. Is b(6) a prime number?
False
Suppose 0 = -5*o + 4*q + 3, 18 = o - 0*q + 5*q. Suppose -74 - 20 = -m + o*l, 10 = 2*l. Is m a composite number?
False
Let y(j) = -j + 33. Let a be y(21). Suppose 0 = -b - b + 1774. Is (b/2)/(6/a) a prime number?
True
Let k(n) = -3*n**2 - 54*n - 6. Let w(h) = -2*h**2 - 53*h - 5. Let j(x) = -3*k(x) + 2*w(x). Is j(-25) a prime number?
True
Let p = 4774 + 5649. Is p a composite number?
True
Let u = -18 - -21. Let y be -3 + u + -1 + 3. Is (-1 - -202) + y - 0 a prime number?
False
Let n be 1/4 + 6/(-24). Suppose -5*d - 39 - 21 = n. Is 1/2 + (-1590)/d composite?
True
Let j be 3/(3/351 - 0). Suppose -3*t + 6 = -5*l, 2*l + 2*t = 5*t - 6. Suppose 4*q - 25 - j = l. Is q a prime number?
False
Is (4 - -1838)/(-3)*2/(-4) a prime number?
True
Suppose -789 = -5*c - 54. Suppose 3*x - 3*w = -c, w = 3*x - 4*x - 57. Let r = x - -79. Is r a composite number?
True
Let v(h) = -81*h - 26. Let q be v(-4). Let r = 33 + q. Is r a composite number?
False
Suppose -a + 66 = 2*a - 3*t, -3*a + 2*t = -66. Suppose -11*k = -a*k + 902. Is k a composite number?
True
Suppose 294 = 4*w - 250. Let c = w + 122. Suppose 2*g - 1052 + c = 0. Is g a composite number?
False
Let n(f) = -629*f**3 + 4*f**2 - 9. Is n(-2) a composite number?
False
Let v = -333 - -554. Is v composite?
True
Let i(g) = -43*g - 10. Let c be i(7). Let n = 706 + c. Suppose -5*d + n = -0*d. Is d prime?
True
Let f = -1929 - -3415. Is f prime?
False
Let q be (73 - 1)*1 + -4. Suppose q = -6*u + 2*u. Let x = u - -31. Is x prime?
False
Let b(u) = 2*u + 10. Let m be b(-5). Suppose 0 = q - 2*w - m*w, 0 = q + 2*w. Suppose -3*g = 3*l - 384, q*g - 125 = -g + 2*l. Is g composite?
False
Let j = 3029 + -1942. Is j a composite number?
False
Let q(c) = c**3 - 10*c**2 + 5*c - 7. Let g be q(8). Let p = 388 + g. Is p prime?
True
Let u(l) be the third derivative of -l**6/120 + 13*l**5/30 - 17*l**4/24 + 17*l**3/6 - 23*l**2. Is u(19) a composite number?
False
Suppose 2*q + 0*q - 26 = 0. Let g(l) = l**2 - 10*l - 10. Let c be g(q). Is 5*c/(-4)*-4 a prime number?
False
Suppose -2*c + 4*y + 556 = -0*c, 5*c - 2*y - 1382 = 0. Let f be (-2)/7 + c/84. Suppose n + 4*z - 93 = 0, -f*n - z - 3*z + 247 = 0. Is n composite?
True
Suppose -4*z = -2*v - 1344, -8*v + 7*v - 335 = -z. Is z composite?
False
Let p(u) = 2*u**2 + 20*u - 26. Let a be p(-11). Let s(y) = 63*y**2 - 8*y + 3. Is s(a) prime?
False
Suppose 4*g - 1458 = 306. Let f = g + -218. Is f a prime number?
True
Let c(h) = 86*h**3 + 2*h**2 - 2. Let b be c(2). Suppose -a - b = -3*a. Suppose -i = -0*i - a. Is i a prime number?
True
Suppose 2*l - 72397 = -14*w + 11*w, -4*l = -5*w + 120669. Is w a prime number?
True
Let l(p) = -3*p**2 + 5*p + 1. Let g(s) = 2*s**2 - 6*s - 2. Let r(y) = -6*g(y) - 7*l(y). Is r(9) a prime number?
True
Let o(q) = -45*q + 14. Let n = -71 - -66. Is o(n) a composite number?
False
Suppose -28 + 24 = -4*n, -5*b = 3*n - 39088. Is b a composite number?
False
Let b(t) be the second derivative of 28*t**3/3 - t**2/2 + t. Let o(g) = -g**2 - 13*g - 35. Let z be o(-9). Is b(z) a composite number?
True
Let n(k) = k**3 - 8*k**2 - k + 12. Let w be n(8). Suppose 0*d - 300 = -w*d. Suppose 2*u - 3*u = -3*t - 7, -5*t = -5*u + d. Is u a prime number?
True
Let i = -470 - -225. Is (i - -2)*-3 - (1 + 1) composite?
False
Let x(j) = 431*j**2 - 11*j - 31. Is x(-6) composite?
False
Let y be -14*(-20 - (-3 + -1)). Suppose 5*j + y - 769 = 0. Is j a prime number?
True
Let a = 3532 + -1623. Is a a composite number?
True
Suppose -6 = -2*n - 2*s, -s - 3*s = -2*n + 6. Let f be 8547/11 + (-1 - n). Let i = f - 406. Is i prime?
True
Let n be 94/8 - (-7)/28. Suppose 4*m - 4*x = -x + n, -3*m = 3*x + 12. Is ((-4)/8 - m)*-2770 prime?
False
Suppose 89*d = 86*d + 15. Let w(f) = 321*f + 52. Is w(d) a prime number?
True
Let i = -46 + -9. Is (-4772)/(-5) - 33/i composite?
True
Suppose -504 - 15507 = -3*s. Suppose 8287 = -5*c + 3*k + 1632, 5*k - s = 4*c. Is c/(-6) + 8/(-24) a composite number?
True
Suppose -4*f + 703 = -237. Is f a composite number?
True
Let m be (-1)/(-3 + 6)*-87. Let y = -15 + m. Let r = y + 145. Is r a prime number?
False
Suppose -6*x - 120 = -600. Let d = x + -15. Is d composite?
True
Let c = 146 + -16. Let v(b) = -4*b**2 + 2*b - 1. Let d be v(-2). Let o = d + c. Is o a composite number?
False
Suppose -s - 3*n - 6 = 0, 5*n = -4*s + 4*n - 2. Suppose -2*x - 4 = s, -8562 + 960 = -4*o - x. Is o prime?
True
Let b(k) = -2*k - 4. Let t be b(0). Is (2 - (-3 - t))*1*49 composite?
True
Let h(w) = -36*w**3 + 2*w**2 + w + 1. Let q be (-4)/(-3)*(-12)/8. Is h(q) a prime number?
False
Let w = 25 - -124. Is w a prime number?
True
Let q = 9 + -3. Let w be (8/q)/(7/252). Suppose 0 = 3*j - w - 54. Is j prime?
False
Let q be (12/30)/((-3)/(-255)). Let g = 12 - 13. Let j = q + g. Is j a prime number?
False
Suppose -6 = -v + 2*v. Let r(h) = 7*h - 8. Let k(c) = 13*c - 15. Let u(j) = 3*k(j) - 7*r(j). Is u(v) prime?
True
Let n(j) = 9*j**2 + 60*j + 118. Is n(-24) a prime number?
False
Let p = -117 + 116. Let b(j) = 7*j - 129*j - 63*j. Is b(p) composite?
True
Suppose 0 = -2*h - 3*k - k + 25766, 0 = 5*h - 4*k - 64457. Is h a prime number?
True
Let d(l) = -34*l - 3. Let y(b) = 4*b. Let f be y(-5). Is d(f) a composite number?
False
Is (81218/(-7